e c + 3*i = 1495, -i = -3*c - 3*i + 4492. What are the prime factors of c?
2, 7, 107
Let p(o) = -o**3 - 2*o**2 + 7*o + 6. Let g be p(-4). Let n = 10 - g. Let u(k) = 2*k + 38. List the prime factors of u(n).
2, 19
Suppose -1525 - 356 = -9*r. List the prime factors of r.
11, 19
Let v(x) = 39 + 24 + 5*x**2 - 2 - 18*x. What are the prime factors of v(8)?
3, 79
Suppose -2*w + 252 = 2*f, 4*w - 7 = -2*f + 501. Let x be -31 - -33 - (2 + -184 + 1). Let q = x - w. List the prime factors of q.
5, 11
Let p = 1309 + -816. What are the prime factors of p?
17, 29
Suppose -c - 38*n = -39*n - 156, -4*c + 2*n = -632. What are the prime factors of c?
2, 5
Let x be (-3 - -1)/(8/(-12)). List the prime factors of -1*((x - 0) + -47).
2, 11
What are the prime factors of 5 + (13 - 13) - -5821?
2, 3, 971
Suppose -4*r = 4*l - 1 - 19, -l - 3 = 0. Let i(k) = -k**3 + 4 - 9*k**2 + 6 + 8*k - r. List the prime factors of i(-10).
2, 11
Let d(s) = -3*s - 1. Let w be d(-1). Suppose 3*u + w*o + 78 - 285 = 0, o = -2*u + 137. Let v = -33 + u. List the prime factors of v.
2, 17
Suppose 0 = m + 134 - 356. Suppose 0 = 3*q + 3*b - m, b + 2*b - 292 = -4*q. Suppose 2*k + 18 - q = 0. List the prime factors of k.
2, 13
Suppose q = 22*q - 7938. What are the prime factors of q?
2, 3, 7
Let z(d) = 908*d + 6. List the prime factors of z(3).
2, 3, 5, 7, 13
Let i be 1561/126*-2 + 4/(-18). Suppose 5*h = h - 116. Let b = i - h. List the prime factors of b.
2
Let c = -4 + -18. Let g = c - -10. Let a(k) = -k**3 - 11*k**2 + 11*k + 4. List the prime factors of a(g).
2
Let m(p) = -5*p + 1. Let x be m(-1). Let q(l) = -l**3 + 6*l**2 + 5*l - 4. List the prime factors of q(x).
2, 13
Let i(m) = 2*m**3 + 9*m**2 - m - 6. Let h(b) = -b**3 - b**2 + 1. Let n(x) = 3*h(x) + i(x). Let t be n(7). Let z = -26 - t. List the prime factors of z.
3, 11
Let w = 45 + -57. What are the prime factors of (-2 + 6*39/w)*-4?
2, 43
Let q = -40 + 69. Suppose 5*y - b = q, 0 = -2*b - b + 3. Let m = y + 1. List the prime factors of m.
7
Suppose -2*m + 0 = -14. Let x(p) = 12*p + 34. List the prime factors of x(m).
2, 59
Let r(k) = 15*k - 11. Let x = 25 + -20. Let j = 10 - x. What are the prime factors of r(j)?
2
Let j(o) = 7*o**3 - 3*o**2 - 11*o - 24. Let c(l) = -8*l**3 + 2*l**2 + 11*l + 25. Let d(r) = -6*c(r) - 7*j(r). What are the prime factors of d(9)?
3, 13
What are the prime factors of (0 + -4)/8 - 2958/(-4)?
739
Let f(r) = r**2 - 19*r - 19. Let b be f(20). What are the prime factors of (-3528)/(-27) + (0 - b/(-3))?
131
Let o(m) be the second derivative of 9/2*m**2 + 0 - 1/2*m**3 + m. List the prime factors of o(-5).
2, 3
Let j(m) = m + 3*m + 6 - 4*m + 10*m**2 - 2*m - m**3. Let v be j(7). Suppose 5*g + 49 = v. List the prime factors of g.
2, 3
Let p = -19 - -23. Suppose -p*c + 50 = -3*c. List the prime factors of c.
2, 5
Suppose -80*r = -71*r - 1215. What are the prime factors of r?
3, 5
Suppose 2*f - 5751 = -3*f - 2*p, 4*f - 4598 = -3*p. What are the prime factors of f?
1151
Suppose -4*n + 213 = 33. What are the prime factors of 120*(-3 + n/12)?
2, 3, 5
Let m be ((-1)/(15/(-18)))/(6/(-260)). Let w = 40 - m. What are the prime factors of w?
2, 23
Suppose -6*n = -4*z - 5*n + 871, -z = 2*n - 211. Suppose z = v + 33. List the prime factors of v.
2, 23
Let k(u) = -u**3 - 7*u**2 - 7*u. Let q be k(-6). Suppose 0 = -q*w - 19 - 17. Let v(r) = -r**3 - 4*r**2 + 8*r - 4. What are the prime factors of v(w)?
2, 5
Let q(j) = j**3 + 16*j**2 - 2*j - 69. What are the prime factors of q(-6)?
3, 101
Let y = 295 - -150. List the prime factors of y.
5, 89
Let i(k) = k**2 + 3*k - 14. Let l = -4 - 2. Let x be i(l). Suppose -2*s + 30 = 4*p, x*s + 5*p - 60 = -0*s. What are the prime factors of s?
3, 5
Let o(q) = -q**3 - 13*q**2 - 13*q - 9. Let l be o(-12). Let f(k) = k**2 - 24 - 3*k**2 + 28 - k**l - 2*k. List the prime factors of f(-4).
2, 11
Let t(x) = 5*x + 19. Let n(k) = -2*k - 9. Let b(w) = -11*n(w) - 6*t(w). List the prime factors of b(-9).
3, 19
Suppose -42*l + 4860 = -30*l. List the prime factors of l.
3, 5
Let x(p) = -141*p**3 - 16*p**2 - 42*p - 2. What are the prime factors of x(-2)?
2, 3, 191
Suppose -2*o + 15 = -15. Let k be -1*((o - -3) + 3). Let z = k + 25. What are the prime factors of z?
2
Suppose 0 = -112*x + 102*x + 8500. List the prime factors of x.
2, 5, 17
Let m(c) = -3*c - 14. Let v be -9 + (-3 - 1) + 0. Let i be m(v). List the prime factors of 8 + -8 - i*-1.
5
Suppose f - 2*q - 18 = 0, 4*f - q - 51 = -0*q. Suppose -2*g = -0*g - f. List the prime factors of g.
2, 3
Let i(v) = v**2 + 16*v + 29. Let r be i(-16). Suppose -2*m + 70 = 2*s, 5*m + 30 = 2*s - 19. Let d = s + r. What are the prime factors of d?
61
Let c(m) = 2*m**3 - 5*m**2 + 6*m - 3. List the prime factors of c(3).
2, 3
Let a be ((-642)/(-9))/(-1 + (-2)/(-6)). Let v = 152 + a. What are the prime factors of v?
3, 5
Let l = 49 + -31. Let c = 21 - l. Suppose 0 = -4*x - c*y + 157, 3*x + x = 2*y + 142. What are the prime factors of x?
37
List the prime factors of (-4)/(-10) + 12756/60*1.
3, 71
Let v = 7558 - 5186. What are the prime factors of v?
2, 593
Suppose 0 = -u - z + 2 + 2, 4*z + 26 = 3*u. Suppose -330 = -8*r + u. List the prime factors of r.
2, 3, 7
Suppose 5 = s + 3. Suppose -13 = -5*f + s. Suppose -h - 239 = -6*h - p, 0 = -f*p - 3. List the prime factors of h.
2, 3
Suppose 4*k + 28*l - 14687 = 31*l, 2*l = 4*k - 14682. List the prime factors of k.
2, 7, 131
Suppose -2*j + 0*j - 16 = -i, 5*i - 44 = 4*j. Let n be ((-180)/(-35))/(j/(-21)). Let c = 20 - n. What are the prime factors of c?
2
Let s(h) = 50*h**2 + 4*h + 1. Let x be s(-1). Let q = 20 + x. What are the prime factors of q?
67
Let r be 30/(0 - (-6)/4). Let x = r - 28. Let v(h) = -h**2 - 9*h - 3. List the prime factors of v(x).
5
Suppose 0 = -j - j. What are the prime factors of j - (-235*1)/5?
47
Let h(z) = -2*z. Let v(l) = -l**3 - l**2 - l - 4. Let t be v(0). Let w be h(t). Let q(n) = 5*n + 3. List the prime factors of q(w).
43
Suppose -4*j - 2*z + 4*z = -698, -4*j + 663 = 5*z. What are the prime factors of j?
2, 43
Let z be -1*(-2 + 3)*17. Let v = z - -18. What are the prime factors of v*(-9 + 4)*-7?
5, 7
Let r(u) = 50*u**2 - 76*u - 446. What are the prime factors of r(-6)?
2, 5, 181
Suppose -24*c + 20*c = -6924. What are the prime factors of c?
3, 577
Let z be 1 + -1 + 3 + -65. Let c = z + 99. What are the prime factors of c?
37
Let w(b) = -b**3 - 13*b**2 + 15*b + 14. Let j be w(-14). Suppose -m + 2 + 3 = j. Suppose -3*p = -4*z - 84, -m*p + 140 = 2*z - 3*z. List the prime factors of p.
2, 7
Let s(c) = 4*c**3 - 9*c**2 - 6*c + 4. Let i(m) = m**3 - m**2 - m. Let g(f) = -6*i(f) + s(f). List the prime factors of g(-4).
2, 3, 7
Suppose 4*p - 4 = 5*c - 20, 4*p = 4*c - 16. Suppose 4*m - 3*m - 11 = c. List the prime factors of m.
11
Suppose -4*d + 31 = -2*u + 3*u, -2*d = 3*u - 23. Let p(b) = 5*b + 7. What are the prime factors of p(d)?
2, 3, 7
Let d(m) be the first derivative of 3*m**2/2 + m + 12. Let q be (-2)/(-8) + 38/8. What are the prime factors of d(q)?
2
Let m be (888/30)/(1/(-5)). Let w = m + 262. List the prime factors of w.
2, 3, 19
Let v = -1 - -1. Suppose -2*u + 71 - 11 = v. Let w = u - 4. List the prime factors of w.
2, 13
Suppose -4*z + 5*z - 21 = 0. Suppose -15 = -x + z. List the prime factors of x.
2, 3
Let p = 325 - 0. Suppose -d + 6*d - p = 0. What are the prime factors of d?
5, 13
Suppose -2*t = -6*t + 132. List the prime factors of (17 - t)*(-1)/2.
2
Let q(k) be the second derivative of 1/20*k**5 - 2*k**3 + 7/12*k**4 + 0 - k - 1/2*k**2. What are the prime factors of q(-8)?
31
Let v = 16 + -14. Suppose -v*q + 48 = 5*s, 0 = -q - s - 3*s + 27. List the prime factors of q.
19
Suppose 2 = u - 4. Suppose -75*a = -82*a - 28. List the prime factors of (-135)/a - u/(-24).
2, 17
Suppose -3*c + 3231 - 786 = -2*y, 0 = -5*c - 5*y + 4100. What are the prime factors of c?
19, 43
Let b = 968 - 146. Suppose -b = -3*r - 174. Suppose 5*k - 109 - r = 0. List the prime factors of k.
5, 13
What are the prime factors of (-3 - (-678)/4)*2?
3, 37
Let s = -1135 - -3146. What are the prime factors of s?
2011
Suppose 0 = l + 33 - 413. Suppose -l = 9*r - 14*r. List the prime factors of r.
2, 19
Suppose -4*l + 24 = -6*l. Suppose 7*b = 2*b - v + 106, 4*v - 25 = -b. Let p = b + l. List the prime factors of p.
3
Let o(v) = 9*v -